alse
Let h = -412495 + 678498. Is h a composite number?
False
Let m = 64638 - -14470. Suppose 25*a - m = -10833. Is a a composite number?
False
Is -1 + (-65615)/(-3) + -28 + 1027/39 prime?
False
Suppose -4*j - 9*j = 0. Suppose m + 162 = -4*q + 1459, j = m - 3*q - 1276. Is m a composite number?
True
Let v(w) = 208*w**3 - 6*w**2 - 3*w. Suppose -5 = -m + 2*m, 3*m = 4*k - 35. Is v(k) a prime number?
False
Is ((-4115780)/114 + (-3)/1)*-3 a prime number?
False
Let k(i) = 89*i**2 + 14*i + 60. Let z be k(-4). Let j = 1643 + z. Is j prime?
False
Suppose -m - 4 = 0, 5*d - 413 = -9*m + 11*m. Suppose 0 = -d*p + 86*p - 34885. Is p a composite number?
False
Let a be -2 - -6 - 54*-14. Suppose -1283 = -4*q - 3*u, 124 = -2*q + 4*u + a. Suppose -4*o + q = 4*z, -2*o - 6*z + 162 = -2*z. Is o composite?
False
Let y = 641832 - -122609. Is y a prime number?
False
Let l be (-6 - -6)/(1 - (2 - 2)). Suppose -7*s + 6*s = 2*q - 8182, l = 3*q + 2*s - 12273. Is q a composite number?
False
Let z(l) = 2*l**2 - 12*l - 10. Let h be z(9). Suppose q - a = 8, 0 = q - 5*q - 2*a + h. Suppose -q*n = -n - 4203. Is n a composite number?
False
Suppose v - 3*a = 1, -5*v + 0*v - a + 21 = 0. Suppose -2*y + 7 = 5*w - 3, -2*w - 2*y = -v. Let o(c) = 177*c - 13. Is o(w) a prime number?
False
Suppose -t - 2*y = -267725, 3*t - 3*y - 803187 = -7*y. Is t prime?
True
Let l(u) = u**3 - 125*u**2 + 101*u - 4633. Is l(132) a composite number?
True
Let w = -36 - 3. Let y = -34 - w. Suppose -2*x = 2*f - 650, 0*x + 337 = x - y*f. Is x prime?
False
Let d be ((-108)/(-7))/((-48)/5208). Let p = d + 2473. Is p a composite number?
True
Let m(o) = 175*o - 5. Let q be m(5). Let n(v) = 107*v - 45. Let i be n(-1). Let x = i + q. Is x prime?
False
Let t be (3/2)/((-1)/2 + 1). Let u(o) = 380*o**2 + o - 4. Is u(t) prime?
False
Let o(s) = s**3 - 4*s**2 - 7*s + 32. Let w be o(4). Let k(f) = 1770*f - 11. Is k(w) a prime number?
True
Let c(r) = -93 + 26 - 22 + 20*r**2 + 10*r + 14*r. Is c(12) composite?
False
Let k(c) = -14599*c**3 + 19*c**2 + 32*c + 3. Is k(-5) a prime number?
True
Let r be 1 - (6/6 + 0/(-5)). Suppose r = -16*a + 250821 - 79349. Is a composite?
True
Let j be 6/(-7)*5/((-15)/84). Let b be (j/(-9))/(16/(-6) + 2). Is (-4 - -18)*74/b prime?
False
Let z be -1 - 0 - (1 - 0). Let i(w) = -109*w**3 + 2*w**2 + 7*w + 7. Let q be i(z). Suppose -4*s + 995 = -q. Is s prime?
True
Let l(w) = 23*w**2 + 2*w - 7. Let p(y) = -y**3 + 4*y**2 - 4. Let k be p(2). Let u be l(k). Suppose -1122 = -3*d - 3*o, -2*d + d + u = 2*o. Is d prime?
True
Let i be (-5)/1*18/(-45). Suppose -4*p = 5*x - 3247, -i*p - 3238 = -5*x - 3*p. Is x a composite number?
False
Let s(k) = k**3 + 6*k**2 - 19*k - 24. Let z be s(-14). Let f = z - -2212. Is f a prime number?
False
Suppose -4*x + 4*v = 60316, x - 2323 + 17411 = -2*v. Let t = 21551 + x. Is t a prime number?
True
Let u be 18/(-24)*(-1 - 7). Let o = u - 3. Suppose o*l + 613 = 5*w - 3*w, 4*w = -3*l + 1181. Is w a composite number?
True
Let b be (-6 + (-6 - -18))*(-1)/(-2). Suppose -2*m = -b*f + 13743, -4589 = 9*f - 10*f - 2*m. Is f a composite number?
False
Suppose 41752747 - 9556822 = 78*c - 11501157. Is c prime?
False
Let d = 3 - 0. Let h(g) = -670*g + 29. Let w(q) = -671*q + 30. Let a(s) = -5*h(s) + 4*w(s). Is a(d) a composite number?
False
Suppose 2 = -2*y, 3*h - 4*y = -12 + 28. Suppose -h*r = u - 1345, -u + 2*u + 340 = r. Is r composite?
False
Let c(l) = -39732*l - 2861. Is c(-9) a composite number?
False
Let o(f) = -9*f**3 - 76*f**2 + 3*f - 3. Is o(-13) composite?
True
Suppose 2*f - 2 = -2*l, -4*l + 5*l = 2*f + 1. Suppose -4*r + 5669 + 8615 = f. Is r prime?
True
Let g(h) = h**3 + 18*h**2 - 17*h + 40. Let w be g(-19). Suppose 6*p - 8*p + 3*s - 5 = 0, w*p + 3*s - 13 = 0. Is (-18935)/(-45) + -2 - p/(-9) prime?
True
Suppose 0 = -3*y - 15, 3*c + y = 81184 - 15030. Let n = c - 9538. Is n prime?
False
Suppose l - 2*h - 154069 = 0, -172595 - 135525 = -2*l + h. Is l composite?
False
Let y(w) = -w**3 + 21*w**2 - 3*w - 21. Let z be y(9). Let i = z + -226. Is i a prime number?
False
Let k(b) = -b**2 - b + 10. Let x be k(-3). Suppose 0 = 5*v - 3*w - 3, -3*v + 2*v + 4*w = -x. Let q(c) = c**3 - c**2 + 2*c + 3351. Is q(v) a composite number?
True
Let d = 174489 + -91841. Suppose 0 = 7*j - 15*j + d. Is j a composite number?
False
Let r(d) = d**3 - 25*d**2 + 24*d - 1. Let x be r(24). Is 1091 + (0 + x)*(-12)/(-3) a composite number?
False
Suppose -4*x - 8 = -4, -z = 3*x - 44. Suppose 5*h + z*q - 42*q - 3160 = 0, 0 = q - 3. Is h a composite number?
True
Let w = 126521 - 66600. Is w a composite number?
False
Suppose 14160 = 5*b + 5*q - 400, -5*b + 14555 = 4*q. Let m = b - -8770. Is m a prime number?
True
Let f(x) be the third derivative of -x**5/60 + 5*x**4/12 - 5*x**3/6 + 7*x**2. Let q be f(9). Suppose -q*r = -r - 102. Is r composite?
True
Let y = 5 - 11. Let g be 5*y/20*-8. Let c = g + 171. Is c prime?
False
Suppose 18903 = 52*h - 456205 + 76476. Is h prime?
False
Let q(h) = -2771*h - 284. Is q(-5) a prime number?
False
Let b(z) be the second derivative of 299*z**4/12 - 25*z**3/6 + 11*z**2/2 + 307*z. Is b(8) a prime number?
True
Let a(j) = -j**2 - 34*j + 47. Let o be a(-36). Let z(h) = 5*h**2 - 35*h - 11. Is z(o) prime?
True
Let b = 14821 + -6054. Let i = -5584 + b. Is i prime?
False
Let v(l) be the first derivative of 2*l + l**2 - 652*l**4 - 24 + 2*l**2 + 5*l**2 + l**3 - 6*l**2. Is v(-1) a prime number?
True
Let j = -78 + 83. Suppose -57 = j*s - 502. Is s a prime number?
True
Let x(l) = -85*l**2 - 14*l + 33. Let z be x(5). Is (-65493278)/z + (-4)/(-46) a composite number?
False
Suppose -6*x = -10*x - 2*k + 20, -2*x + k + 6 = 0. Suppose 3*t - x*t + 145 = -4*d, 4*d = -3*t + 499. Is t a prime number?
False
Is (301475/(-465)*(-1244)/10)/((-4)/(-6)) prime?
False
Let x be (32/(-4 - -6))/2. Is (21889/(-212))/((-2)/x) composite?
True
Suppose 4*q + 2*g - 369250 = 0, -2*q + 681*g = 683*g - 184628. Is q a prime number?
True
Let n(h) = 233928*h - 3791. Is n(1) composite?
False
Suppose 5*i + 1729 = -3*l - 59, 3*i + 1788 = -3*l. Let q(v) = 628*v**2 - v + 3. Let u be q(-2). Let n = u + l. Is n a composite number?
True
Is (-5)/((-25)/233115) + (-6 - -2) prime?
True
Let j = -90 - -114. Let r = j - 35. Is 3373 + r/((-33)/(-6)) a composite number?
False
Let p be (108057 + 1)*19/38. Suppose -10*f + 16 = -6*f, 3*g - p = -2*f. Is g a composite number?
True
Suppose -8*c + 36 = -92. Is c/(-2) + 15807 + -6 a prime number?
False
Suppose 22*f + 599916 = 1804438. Is f a composite number?
False
Suppose 37 + 113 = -2*g. Let i = -72 - g. Is 2994*(-3)/(-18)*6/i a composite number?
True
Let i(v) = -10*v + 250. Let a be i(25). Suppose a = -296*z + 286*z + 35930. Is z a prime number?
True
Let z be ((-184)/(-16))/(1/(-6)). Let l be 6/2 + (z + 1)*-7. Suppose h - 717 = -4*w - 63, -5*h - l = -3*w. Is w a composite number?
False
Let a(s) = 3*s**2 - 18 + s - 23 + 2*s**2 + s. Is a(10) composite?
False
Let o be (-16)/(-72) + 2/(-9). Suppose 0 = 4*k - v - 7017, o = -4*k - 6*v + 4*v + 7014. Suppose -i = -3*n + 2*n + 877, 2*n = -i + k. Is n a prime number?
True
Let d be (6 + 0)/((-39)/(-26)). Suppose -c = 2, c + c = -5*v - d. Suppose 4*a + v*f = -5*f + 6138, -5*a = -f - 7687. Is a a composite number?
True
Let k = 754 + 768. Let u = 15623 + -15622. Is u/(-6)*3*-2 + k a composite number?
False
Suppose 20*v = 10995 - 5193 + 115498. Is v a composite number?
True
Suppose 0 = -3*d - 2*d + 2*r + 660, 0 = d - r - 132. Suppose 0 = -124*w + d*w - 136432. Is w composite?
True
Let t(j) = 0*j - 28 - 10*j - 26*j**3 + 19*j**2 + j + 13*j**3 + 11. Is t(-14) a composite number?
True
Is 3578636/204 + (-5)/25 + 26/30 composite?
True
Let b(r) = -r**3 - 7*r**2 - 10*r + 2. Let h be b(-5). Suppose -h*l = 2*l + 4*l. Suppose l = 3*a - 1058 - 79. Is a composite?
False
Let r(a) be the third derivative of 11*a**5/10 + a**4/6 + 3*a**3/2 + 58*a**2. Is r(-14) prime?
True
Suppose 2643 = 5*a - 2*l, -1910 = -5*a + 5*l + 745. Let j = a - 115. Suppose -1006 = 3*x - 8*x + 3*h, 2*x - j = -2*h. Is x composite?
True
Let y(i) = -51203*i - 2098. Is y(-3) a composite number?
True
Let s = 82512 - 7433. Is s prime?
True
Let q(i) = 36 + 20*i**2 - 10*i**2 - 9*i**2 + 12*i. Let x be q(-7). Is x/(2/4) - 2 - -257 composite?
False
Let x(o) = -o**2 + 18*o + 3. Let z be x(19). Let a = -52 - z. Is 2/(-8)